1
In base 7, what is -1214 + 43?
-1141
In base 10, what is -147 + 12?
-135
In base 16, what is d26d7 - 2?
d26d5
In base 14, what is 4 + -d795c?
-d7958
In base 11, what is 2a6151 - 9?
2a6143
In base 11, what is 2 - 3829?
-3827
In base 14, what is -42b + 36?
-3d5
In base 11, what is -11 - 29a8?
-2a09
In base 7, what is -515566 + 3?
-515563
In base 13, what is 2 - 2c8b28?
-2c8b26
In base 4, what is 23 - -30021?
30110
In base 16, what is -bd9e + -3?
-bda1
In base 12, what is 15b0 - 126?
1486
In base 5, what is -4124420 - -1?
-4124414
In base 8, what is 17 - -113?
132
In base 2, what is -11 + 1011000010001011?
1011000010001000
In base 5, what is 314324224 + 2?
314324231
In base 7, what is -5 + -32404?
-32412
In base 10, what is 1 + 13372?
13373
In base 8, what is 55214 - 2?
55212
In base 15, what is -134a - -1e?
-132b
In base 4, what is 2 - 102002302?
-102002300
In base 12, what is -11a + a4?
-36
In base 10, what is -375 - -8993?
8618
In base 2, what is -1001110 + -1011111000100?
-1100000010010
In base 9, what is 11 - -1014?
1025
In base 9, what is -1 + 47511?
47510
In base 3, what is 1220001100 - 11?
1220001012
In base 7, what is 4603 - 2?
4601
In base 4, what is -10011 + 23012?
13001
In base 9, what is -36 - 447?
-484
In base 7, what is -205400 - -31?
-205336
In base 8, what is 57064 + 4?
57070
In base 8, what is -23 - 265446?
-265471
In base 4, what is 11 + -12101212?
-12101201
In base 13, what is c35 + -7?
c2b
In base 6, what is 135220 - 15?
135201
In base 4, what is -23 - 100003?
-100032
In base 13, what is -394b0a - 4?
-394b11
In base 8, what is -4 + -214244?
-214250
In base 4, what is 22 - 13322?
-13300
In base 14, what is 7 - -22061?
22068
In base 10, what is -2896643 + -5?
-2896648
In base 7, what is 260 - 516?
-226
In base 7, what is 1312506 + 3?
1312512
In base 16, what is 1 - cc536?
-cc535
In base 9, what is -3 + 36504?
36501
In base 7, what is 3 + 13543644?
13543650
In base 5, what is 10 - -2031131?
2031141
In base 6, what is 212003 + 30?
212033
In base 9, what is 3 - -343656?
343660
In base 13, what is 17 + -87b6?
-879c
In base 7, what is 600 + 562?
1462
In base 11, what is 12aa1 + 57?
13048
In base 11, what is 127 - a50?
-924
In base 14, what is 2bc9 - 4?
2bc5
In base 5, what is -3023 - -101320?
43242
In base 14, what is -30 - -348?
318
In base 8, what is -1 + -5524?
-5525
In base 4, what is -3 - -10032021?
10032012
In base 2, what is 1011010 + -1000001000100?
-111111101010
In base 7, what is 4664 - -3?
5000
In base 11, what is 287 - 734?
-458
In base 15, what is -2b90 + -2?
-2b92
In base 8, what is 372 + -337?
33
In base 5, what is 2441223 + 303?
2442031
In base 10, what is 1519 - -120?
1639
In base 10, what is -25 - -24445?
24420
In base 6, what is -1224314 + 4?
-1224310
In base 4, what is -2220 - 20130?
-23010
In base 7, what is 256 + -402?
-113
In base 11, what is -880 - 47?
-917
In base 14, what is -8 + a4d?
a45
In base 13, what is 158 + -41?
117
In base 15, what is -26 - 200?
-226
In base 4, what is 1121213 - 22?
1121131
In base 14, what is -5583 - 1?
-5584
In base 5, what is 2402422 + -11?
2402411
In base 8, what is -304 - 1005?
-1311
In base 10, what is -2 + 6273?
6271
In base 10, what is 2 + -13060?
-13058
In base 5, what is 104 - -1?
110
In base 6, what is 3 - 2323?
-2320
In base 4, what is 21231 + -2133?
13032
In base 6, what is 23 - 1002502?
-1002435
In base 7, what is -42535 + -20?
-42555
In base 14, what is -5aa + 518?
-92
In base 8, what is 244473 + -51?
244422
In base 14, what is 214755 + 1?
214756
In base 8, what is -11 + -5752?
-5763
In base 9, what is 7416 + 67?
7484
In base 10, what is -38991 + -2?
-38993
In base 6, what is 25042015 + 3?
25042022
In base 4, what is -130013132 - -112?
-130013020
In base 4, what is -3100230 + -3232?
-3110122
In base 13, what is 6a192 + 1?
6a193
In base 8, what is 3 - -2254131?
2254134
In base 6, what is -4200132 + 4?
-4200124
In base 2, what is -100 + 1100010100100100?
1100010100100000
In base 10, what is -10 + 655?
645
In base 15, what is -375 - -35a?
-1a
In base 15, what is -16 + -175b7?
-175cd
In base 9, what is -20 - -12624?
12604
In base 13, what is 1 + 359777?
359778
In base 8, what is 6 + 15256?
15264
In base 2, what is 1111 + -1001001100?
-1000111101
In base 11, what is -aa + 520a?
5110
In base 8, what is 1271547 - -5?
1271554
In base 8, what is 7570 - 115?
7453
In base 7, what is -2 - 2010?
-2012
In base 9, what is -21 + -14207?
-14228
In base 3, what is -2020 + -22112?
-101202
In base 8, what is 103 - -7577?
7702
In base 14, what is cd574 - 3?
cd571
In base 5, what is -34 + -33100?
-33134
In base 4, what is -101230 - 22000?
-123230
In base 16, what is -4 - -ab6a?
ab66
In base 14, what is 3 + 30897?
3089a
In base 3, what is -1 - -1011112202?
1011112201
In base 15, what is -a13 + -1?
-a14
In base 9, what is -4025006 + 4?
-4025002
In base 8, what is 55673 - -14?
55707
In base 15, what is -3a + 3e8?
3ad
In base 3, what is 21000 - 10120222?
-10022222
In base 9, what is -4 + 13826?
13822
In base 2, what is -1101000111010101 - 10?
-1101000111010111
In base 11, what is 3678 + -32?
3646
In base 12, what is -13 + 34a1?
348a
In base 11, what is 1580 - 36?
1545
In base 3, what is 10 + -1221110222?
-1221110212
In base 11, what is 1964 + 74?
1a28
In base 6, what is 534543 - -1?
534544
In base 9, what is -838 + -43?
-882
In base 5, what is 22 + -114301?
-114224
In base 10, what is 11 - -559856?
559867
In base 8, what is -3245 + -1043?
-4310
In base 10, what is 52435 - -11?
52446
In base 8, what is -1746624 - 3?
-1746627
In base 6, what is 54 - -14545?
15043
In base 14, what is -2 - -80d5?
80d3
In base 2, what is -11 + -101011011011?
-101011011110
In base 14, what is -9 - 370c2?
-370cb
In base 10, what is 1288903 - -4?
1288907
In base 12, what is -21ab - -371?
-1a3a
In base 3, what is 2000101102 - -2?
2000101111
In base 9, what is 2 + -2841848?
-2841846
In base 13, what is 634cb + -3?
634c8
In base 12, what is 0 - -54a8b?
54a8b
In base 8, what is 1 - 2051?
-2050
In base 12, what is -639b + -3?
-63a2
In base 12, what is -345 - 638?
-981
In base 6, what is 1144 - 1454?
-310
In base 2, what is -110010 + -1111011000101?
-1111011110111
In base 12, what is -51 - 1772?
-1803
In base 6, what is -211131 - -2?
-211125
In base 5, what is -1213 - -11?
-1202
In base 12, what is -48 - -10?
-38
In base 6, what is 2 - 1051331?
-1051325
In base 3, what is 12 + 120002010200?
120002010212
In base 13, what is -4a + 278?
22b
In base 11, what is -7 + -24903?
-2490a
In base 6, what is 2201 + -25105?
-22504
In base 15, what is 0 + -12558?
-12558
In base 7, what is -203201 + -4?
-203205
In base 7, what is 2 + 2230456?
2230461
In base 15, what is -1 - 249e?
-24a0
In base 14, what is 2 + -c3d56?
-c3d54
In base 13, what is 9 - -206c?
2078
In base 14, what is 3 - 4565?
-4562
In base 16, what is bce - -5?
bd3
In base 16, what is -54 + -64?
-b8
In base 13, what is 56 - -1a57?
1ab0
In base 16, what is -177 - 602?
-779
In base 3, what is 12202110100 - -10?
12202110110
In base 9, what is -1035 + 2640?
1604
In base 8, what is 2316 - 117?
2177
In base 10, what is 69811 - 0?
69811
In base 4, what is -131 - -10322032?
10321301
In base 2, what is 101000101010 - 1110?
101000011100
In base 13, what is -155b5a - 10?
-155b6a
In base 14, what is -3 + -2591?
-2594
In base 6, what is 4233525 - 12?
4233513
In base 2, what is 1110101 - -111001101100?
111011100001
In base 2, what is -111010 - -110011100011100?
110011011100010
In base 7, what is 1 + -524561?
-524560
In base 2, what is 111 + 10101011101010?
10101011110001
In base 4, what is -1020 - 22011?
-23031
In base 6, what is 43 + 440332?
440415
In base 15, what is 11282c - 0?
11282c
In base 9, what is 1 + 256037?
256038
In base 14, what is -9a0d + -a?
-9a19
In base 5, what is 32 + -2003?
-1421
In base 3, what is 1 - 20111122?
-20111121
In base 14, what is -380c - -1?
-380b
In base 8, what is -5 + 23522?
23515
In base 6, what is -454054 - 0?
-454054
In base 12, what is -7 + -227a27?
-227a32
In base 4, what is -2001130 - -3?
-2001121
In base 4, what is -12 - 110333010?
-110333022
In base 10, what is -40 + -21033?
-21073
In base 11, what is -10475 - 13?
-10488
In base 11, what is 4a18a2 + -4?
4a1899
In base 16, what is -4 - -3022?
301e
In base 6, what is 1 - -200242?
200243
In bas